{"id":394,"date":"2017-07-10T21:24:30","date_gmt":"2017-07-10T19:24:30","guid":{"rendered":"http:\/\/jwz-slam.de\/wordpress\/?page_id=394"},"modified":"2018-01-19T01:20:59","modified_gmt":"2018-01-19T00:20:59","slug":"ausgabe-3-07-07-2017","status":"publish","type":"page","link":"https:\/\/jwz-slam.de\/wordpress\/ausgabe-3-07-07-2017\/","title":{"rendered":"Ausgabe 3 &#8211; 7. Juli 2017"},"content":{"rendered":"<h6>Ausgabe 3 \u2013 7. Juli 2017<br \/>\nAlle guten Dinge sind fly! \u2022 Wei\u00dfer Hirsch \u2022 85 Zuschauer \u2022 Moderatoren: Fabian Lindemann &#038; Lucas Schemenz <\/p>\n<h6>\n<a href=\"https:\/\/jwz-slam.de\/wordpress\/die-shows-in-der-uebersicht\/\">Zu den Ergebnissen anderer Shows<\/a><\/p>\n<hr \/>\n<h4>Gruppe A<\/h4>\n<div class=\"showVotings\">\n<div class=\"showImage\"><img decoding=\"async\" style=\"width: 125px; height: 125px;\" src=\"http:\/\/jwz-slam.de\/live\/view\/images\/poets\/christian.png\" \/><\/div>\n<div class=\"showResult\">\n<div class=\"progress-bar orange stripes\"><span style=\"width: calc(82.225% - 12px)\">Christian Hoffmann <\/span><\/div>\n<div class=\"endVote\">8.22<\/div>\n<div class=\"quali\">qualifiziert f\u00fcrs Finale<\/div>\n<\/div>\n<\/div>\n<div class=\"showVotings\">\n<div class=\"showImage\"><img decoding=\"async\" style=\"width: 125px; height: 125px;\" src=\"https:\/\/jwz-slam.de\/wordpress\/wp-content\/uploads\/2018\/01\/bastian.png\" \/><\/div>\n<div class=\"showResult\">\n<div class=\"progress-bar orange stripes\"><span style=\"width: calc(68.182% - 12px)\">Luna <\/span><\/div>\n<div class=\"endVote\">6.82<\/div>\n<div class=\"quali\">qualifiziert f\u00fcrs Finale<\/div>\n<\/div>\n<\/div>\n<div class=\"showVotings\">\n<div class=\"showImage\"><img decoding=\"async\" style=\"width: 125px; height: 125px;\" src=\"http:\/\/jwz-slam.de\/live\/view\/images\/poets\/davidKoch.png\" \/><\/div>\n<div class=\"showResult\">\n<div class=\"progress-bar blue stripes\"><span style=\"width: calc(64.194% - 12px)\"class=\"white\">David Koch <\/span><\/div>\n<div class=\"endVote\">6.42<\/div>\n<\/div>\n<\/div>\n<div class=\"showVotings\">\n<div class=\"showImage\"><img decoding=\"async\" style=\"width: 125px; height: 125px;\" src=\"http:\/\/jwz-slam.de\/live\/view\/images\/poets\/andre.png\" \/><\/div>\n<div class=\"showResult\">\n<div class=\"progress-bar blue stripes\"><span style=\"width: calc(62.667% - 12px)\"class=\"white\">Andr\u00e9 Marschke <\/span><\/div>\n<div class=\"endVote\">6.27<\/div>\n<\/div>\n<\/div>\n<p>&nbsp;<\/p>\n<h4>Gruppe B<\/h4>\n<div class=\"showVotings\">\n<div class=\"showImage\"><img decoding=\"async\" style=\"width: 125px; height: 125px;\" src=\"http:\/\/jwz-slam.de\/live\/view\/images\/poets\/alina.png\" \/><\/div>\n<div class=\"showResult\">\n<div class=\"progress-bar orange stripes\"><span style=\"width: calc(94.167% - 12px)\">Alina Sprenger <\/span><\/div>\n<div class=\"endVote\">9.42<\/div>\n<div class=\"quali\">qualifiziert f\u00fcrs Finale<\/div>\n<div class=\"quali3\">Top Score<\/div>\n<\/div>\n<\/div>\n<div class=\"showVotings\">\n<div class=\"showImage\"><img decoding=\"async\" style=\"width: 125px; height: 125px;\" src=\"http:\/\/jwz-slam.de\/live\/view\/images\/poets\/aron.png\" \/><\/div>\n<div class=\"showResult\">\n<div class=\"progress-bar orange stripes\"><span style=\"width: calc(91.143% - 12px)\">Aron Boks <\/span><\/div>\n<div class=\"endVote\">9.11<\/div>\n<div class=\"quali\">qualifiziert f\u00fcrs Finale<\/div>\n<\/div>\n<\/div>\n<div class=\"showVotings\">\n<div class=\"showImage\"><img decoding=\"async\" style=\"width: 125px; height: 125px;\" src=\"http:\/\/jwz-slam.de\/live\/view\/images\/poets\/julia.png\" \/><\/div>\n<div class=\"showResult\">\n<div class=\"progress-bar blue stripes\"><span style=\"width: calc(73.303% - 12px)\"class=\"white\">Julia Dorsch <\/span><\/div>\n<div class=\"endVote\">7.33<\/div>\n<\/div>\n<\/div>\n<p>&nbsp;<\/p>\n<h4>FINALE<\/h4>\n<div class=\"showVotings\">\n<div class=\"showImage\"><img decoding=\"async\" style=\"width: 125px; height: 125px;\" src=\"http:\/\/jwz-slam.de\/live\/view\/images\/poets\/aron.png\" \/><\/div>\n<div class=\"showResult\">\n<div class=\"progress-bar purple stripes\"><span style=\"width: calc(89.412% - 12px)\"class=\"white\">Aron Boks <\/span><\/div>\n<div class=\"endVote\">8.94<\/div>\n<div class=\"quali2\">Sieger<\/div>\n<\/div>\n<\/div>\n<div class=\"showVotings\">\n<div class=\"showImage\"><img decoding=\"async\" style=\"width: 125px; height: 125px;\" src=\"http:\/\/jwz-slam.de\/live\/view\/images\/poets\/alina.png\" \/><\/div>\n<div class=\"showResult\">\n<div class=\"progress-bar blue stripes\"><span style=\"width: calc(77.576% - 12px)\"class=\"white\">Alina Sprenger <\/span><\/div>\n<div class=\"endVote\">7.76<\/div>\n<\/div>\n<\/div>\n<div class=\"showVotings\">\n<div class=\"showImage\"><img decoding=\"async\" style=\"width: 125px; height: 125px;\" src=\"http:\/\/jwz-slam.de\/live\/view\/images\/poets\/luna.png\" \/><\/div>\n<div class=\"showResult\">\n<div class=\"progress-bar blue stripes\"><span style=\"width: calc(75.758% - 12px)\"class=\"white\">Luna <\/span><\/div>\n<div class=\"endVote\">7.57<\/div>\n<\/div>\n<\/div>\n<div class=\"showVotings\">\n<div class=\"showImage\"><img decoding=\"async\" style=\"width: 125px; height: 125px;\" src=\"http:\/\/jwz-slam.de\/live\/view\/images\/poets\/christian.png\" \/><\/div>\n<div class=\"showResult\">\n<div class=\"progress-bar blue stripes\"><span style=\"width: calc(72.121% - 12px)\"class=\"white\">Christian Hoffmann <\/span><\/div>\n<div class=\"endVote\">7.21<\/div>\n<\/div>\n<\/div>\n","protected":false},"excerpt":{"rendered":"<p>Ausgabe 3 \u2013 7. Juli 2017 Alle guten Dinge sind fly! \u2022 Wei\u00dfer Hirsch \u2022 85 Zuschauer \u2022 Moderatoren: Fabian Lindemann &#038; Lucas Schemenz Zu den Ergebnissen anderer Shows Gruppe A Christian Hoffmann 8.22 qualifiziert f\u00fcrs Finale Luna 6.82 qualifiziert f\u00fcrs Finale David Koch 6.42 Andr\u00e9 Marschke 6.27 &nbsp; Gruppe B Alina Sprenger 9.42 qualifiziert [&hellip;]<\/p>\n","protected":false},"author":2,"featured_media":0,"parent":0,"menu_order":0,"comment_status":"closed","ping_status":"closed","template":"","meta":{"_et_pb_use_builder":"","_et_pb_old_content":"","_et_gb_content_width":""},"_links":{"self":[{"href":"https:\/\/jwz-slam.de\/wordpress\/wp-json\/wp\/v2\/pages\/394"}],"collection":[{"href":"https:\/\/jwz-slam.de\/wordpress\/wp-json\/wp\/v2\/pages"}],"about":[{"href":"https:\/\/jwz-slam.de\/wordpress\/wp-json\/wp\/v2\/types\/page"}],"author":[{"embeddable":true,"href":"https:\/\/jwz-slam.de\/wordpress\/wp-json\/wp\/v2\/users\/2"}],"replies":[{"embeddable":true,"href":"https:\/\/jwz-slam.de\/wordpress\/wp-json\/wp\/v2\/comments?post=394"}],"version-history":[{"count":7,"href":"https:\/\/jwz-slam.de\/wordpress\/wp-json\/wp\/v2\/pages\/394\/revisions"}],"predecessor-version":[{"id":481,"href":"https:\/\/jwz-slam.de\/wordpress\/wp-json\/wp\/v2\/pages\/394\/revisions\/481"}],"wp:attachment":[{"href":"https:\/\/jwz-slam.de\/wordpress\/wp-json\/wp\/v2\/media?parent=394"}],"curies":[{"name":"wp","href":"https:\/\/api.w.org\/{rel}","templated":true}]}}